he highest common factor of 208 and 52?
52
What is the highest common factor of 24390 and 90?
90
What is the highest common divisor of 957 and 3480?
87
Calculate the greatest common factor of 1029 and 42.
21
What is the greatest common factor of 44 and 319?
11
Calculate the highest common factor of 74205 and 15.
15
Calculate the greatest common divisor of 2016 and 210.
42
Calculate the highest common factor of 162 and 78.
6
What is the greatest common divisor of 86 and 301?
43
What is the highest common factor of 96 and 4620?
12
What is the greatest common factor of 79 and 6399?
79
Calculate the highest common factor of 124 and 93.
31
Calculate the greatest common divisor of 30 and 5910.
30
Calculate the highest common factor of 12 and 4458.
6
What is the greatest common divisor of 150 and 67125?
75
Calculate the greatest common divisor of 36 and 1359.
9
Calculate the greatest common factor of 220 and 1056.
44
Calculate the highest common divisor of 10234 and 17.
17
Calculate the highest common divisor of 18 and 1626.
6
Calculate the greatest common factor of 1062 and 36.
18
Calculate the highest common divisor of 10 and 30.
10
Calculate the greatest common factor of 6762 and 207.
69
Calculate the greatest common factor of 130 and 1050.
10
What is the greatest common divisor of 156 and 572?
52
Calculate the greatest common divisor of 164 and 123.
41
What is the highest common factor of 430 and 4945?
215
What is the highest common divisor of 20 and 4420?
20
Calculate the highest common factor of 105 and 273.
21
What is the highest common factor of 66 and 1782?
66
Calculate the highest common divisor of 1024 and 448.
64
What is the highest common divisor of 7230 and 90?
30
What is the greatest common divisor of 1980 and 380?
20
What is the highest common factor of 3366 and 66?
66
Calculate the greatest common factor of 30 and 1185.
15
What is the highest common divisor of 26 and 28340?
26
Calculate the highest common factor of 23 and 1403.
23
What is the highest common divisor of 240 and 112?
16
Calculate the highest common factor of 112 and 154.
14
What is the highest common factor of 6903 and 234?
117
What is the greatest common divisor of 164 and 1394?
82
What is the highest common divisor of 175 and 7?
7
What is the highest common divisor of 7648 and 64?
32
Calculate the greatest common divisor of 1024 and 112.
16
What is the greatest common factor of 1421 and 348?
29
What is the greatest common factor of 621 and 299?
23
Calculate the greatest common factor of 2403 and 81.
27
Calculate the greatest common divisor of 623 and 553.
7
What is the greatest common factor of 1205 and 5?
5
What is the greatest common divisor of 4070 and 770?
110
What is the highest common divisor of 434 and 14?
14
What is the greatest common divisor of 3 and 1?
1
Calculate the highest common factor of 893 and 752.
47
What is the highest common divisor of 105 and 135?
15
Calculate the greatest common divisor of 210 and 30.
30
Calculate the highest common divisor of 30 and 70.
10
What is the greatest common factor of 4 and 6?
2
Calculate the highest common factor of 113 and 29719.
113
Calculate the greatest common factor of 6738 and 12.
6
Calculate the greatest common factor of 16128 and 56.
56
Calculate the highest common divisor of 14 and 1498.
14
Calculate the highest common factor of 24 and 256.
8
Calculate the highest common factor of 12 and 606.
6
Calculate the greatest common factor of 20009 and 22.
11
What is the highest common factor of 50 and 975?
25
Calculate the greatest common divisor of 41448 and 33.
33
Calculate the highest common divisor of 204 and 48.
12
Calculate the highest common factor of 119 and 7973.
119
Calculate the highest common factor of 1205 and 5.
5
What is the highest common factor of 966 and 84?
42
Calculate the highest common factor of 2795 and 260.
65
Calculate the highest common factor of 175 and 70.
35
Calculate the highest common divisor of 14865 and 15.
15
Calculate the highest common divisor of 33125 and 795.
265
Calculate the greatest common factor of 22 and 80.
2
Calculate the highest common divisor of 424 and 159.
53
Calculate the highest common divisor of 1258 and 102.
34
What is the greatest common factor of 62 and 341?
31
What is the highest common divisor of 67682 and 86?
86
Calculate the greatest common factor of 8 and 624.
8
What is the highest common factor of 1845 and 45?
45
Calculate the highest common divisor of 96 and 24.
24
What is the greatest common factor of 1650 and 16830?
330
Calculate the greatest common factor of 255 and 136.
17
Calculate the greatest common divisor of 10472 and 68.
68
What is the highest common divisor of 54 and 729?
27
Calculate the highest common factor of 3073 and 14.
7
What is the greatest common divisor of 12 and 44364?
12
What is the greatest common divisor of 140 and 1435?
35
What is the highest common divisor of 646 and 190?
38
Calculate the highest common divisor of 90 and 414.
18
Calculate the greatest common divisor of 1610 and 280.
70
What is the highest common divisor of 29 and 1073?
29
Calculate the highest common divisor of 1452 and 12.
12
What is the highest common factor of 436 and 36?
4
Calculate the highest common factor of 8 and 68504.
8
What is the greatest common factor of 45 and 15750?
45
What is the greatest common factor of 169 and 26?
13
What is the greatest common divisor of 9146 and 68?
34
Calculate the highest common factor of 3483 and 817.
43
What is the greatest common factor of 22 and 814?
22
Calculate the greatest common divisor of 20 and 18770.
10
What is the highest common factor of 234 and 494?
26
Calculate the highest common divisor of 112 and 464.
16
What is the highest common divisor of 455 and 65?
65
What is the greatest common divisor of 632 and 8?
8
Calculate the greatest common divisor of 357 and 986.
17
Calculate the greatest common factor of 21 and 3073.
7
Calculate the highest common factor of 380 and 1045.
95
What is the highest common divisor of 1119 and 6?
3
What is the greatest common divisor of 30 and 40?
10
What is the highest common divisor of 135 and 30?
15
Calculate the greatest common divisor of 217 and 310.
31
What is the highest common divisor of 25812 and 108?
108
Calculate the highest common factor of 125 and 75.
25
Calculate the greatest common factor of 152 and 19.
19
Calculate the greatest common factor of 374 and 34.
34
What is the highest common factor of 4 and 59?
1
What is the highest common divisor of 448 and 560?
112
What is the highest common factor of 8 and 3452?
4
Calculate the greatest common factor of 2101 and 55.
11
Calculate the greatest common divisor of 32 and 2048.
32
Calculate the highest common divisor of 867 and 187.
17
Calculate the highest common divisor of 27 and 369.
9
Calculate the highest common factor of 621 and 54.
27
Calculate the highest common factor of 795 and 106.
53
What is the highest common factor of 204 and 1752?
12
Calculate the highest common factor of 4872 and 126.
42
Calculate the highest common factor of 1715 and 5.
5
What is the greatest common divisor of 310 and 15?
5
What is the greatest common factor of 14 and 2226?
14
Calculate the highest common factor of 35 and 1085.
35
Calculate the highest common factor of 26 and 325.
13
Calculate the greatest common factor of 20 and 980.
20
What is the highest common factor of 6792 and 108?
12
What is the greatest common divisor of 279 and 81?
9
Calculate the greatest common divisor of 513 and 6453.
27
What is the greatest common factor of 2225 and 25?
25
Calculate the greatest common divisor of 72 and 4584.
24
Calculate the greatest common divisor of 18 and 10.
2
What is the greatest common divisor of 5895 and 45?
45
What is the greatest common divisor of 39627 and 74?
37
What is the highest common divisor of 22 and 22?
22
Calculate the greatest common divisor of 605 and 165.
55
Calculate the greatest common divisor of 3 and 16.
1
Calculate the greatest common divisor of 56 and 18536.
56
What is the greatest common factor of 24 and 24?
24
Calculate the highest common divisor of 216 and 1647.
27
What is the greatest common factor of 369 and 36?
9
What is the highest common factor of 81 and 45?
9
What is the highest common factor of 220 and 